{"id":78,"date":"2021-08-30T22:54:33","date_gmt":"2021-08-31T01:54:33","guid":{"rendered":"https:\/\/cbhmeiaponte.meioambiente.go.gov.br\/?page_id=78"},"modified":"2023-01-26T09:05:18","modified_gmt":"2023-01-26T12:05:18","slug":"cobranca","status":"publish","type":"page","link":"https:\/\/cbhmeiaponte.meioambiente.go.gov.br\/?page_id=78","title":{"rendered":"Cobran\u00e7a"},"content":{"rendered":"\n<p>Como instrumento de gest\u00e3o previsto nas Pol\u00edticas Nacional e Estadual de Recursos H\u00eddricos, a Cobran\u00e7a pelo Uso da \u00e1gua visa incentivar a racionaliza\u00e7\u00e3o do seu uso, obter recursos financeiros para o financiamento dos programas e interven\u00e7\u00f5es contemplados nos planos de recursos h\u00eddricos, pagar despesas de implanta\u00e7\u00e3o e custeio administrativo do Sistema Nacional de Gerenciamento de Recursos H\u00eddricos \u2013 SINGREH, notadamente dos Comit\u00eas de Bacias Hidrogr\u00e1ficas, e assegurar a viabilidade financeira das Ag\u00eancias de \u00c1gua.<\/p>\n\n\n\n<p>No \u00e2mbito dos corpos d\u2019\u00e1gua de dom\u00ednio do Estado, a implanta\u00e7\u00e3o e operacionaliza\u00e7\u00e3o da Cobran\u00e7a pelo Uso deve atender \u00e0s diretrizes da Pol\u00edtica Estadual de Recursos H\u00eddricos.<\/p>\n\n\n\n<p>Com tal realidade institucional, pr\u00f3pria de um pa\u00eds federativo com m\u00faltiplos dom\u00ednios das \u00e1guas, o grande desafio da implanta\u00e7\u00e3o da Cobran\u00e7a pelo Uso \u00e9 tamb\u00e9m aquele da Pol\u00edtica Nacional de Recursos H\u00eddricos: articular a gest\u00e3o dos recursos h\u00eddricos em bacias hidrogr\u00e1ficas, independentemente do dom\u00ednio a que esses estejam submetidos, permitindo que esse instrumento possa ser efetivo na solu\u00e7\u00e3o dos problemas h\u00eddricos<\/p>\n\n\n\n<p>Diferentemente de instrumentos tradicionais utilizados pelas pol\u00edticas p\u00fablicas, a Cobran\u00e7a pelo Uso n\u00e3o \u00e9 considerada um imposto, mas um pre\u00e7o p\u00fablico. Seus mecanismos e valores s\u00e3o negociados a partir de debate p\u00fablico no \u00e2mbito dos Comit\u00eas de Bacia Hidrogr\u00e1fica e n\u00e3o por meio de decis\u00f5es isoladas de inst\u00e2ncias governamentais, sejam elas do executivo ou do legislativo. As a\u00e7\u00f5es necess\u00e1rias \u00e0 boa gest\u00e3o das \u00e1guas, reconhecidas e determinadas em espec\u00edficas bacias hidrogr\u00e1ficas, juntamente ao pacto social advindo de sua aprova\u00e7\u00e3o s\u00e3o, assim, os principais elementos da regula\u00e7\u00e3o econ\u00f4mica institu\u00edda por essa nova ferramenta.<\/p>\n\n\n\n<div style=\"height:100px\" aria-hidden=\"true\" class=\"wp-block-spacer\"><\/div>\n\n\n\n<p class=\"has-medium-font-size\"><strong>Simula\u00e7\u00e3o de Cobran\u00e7a &#8211; Meia Ponte<\/strong><\/p>\n\n\n\n<iframe width=\"1000\" height=\"563\" src=\"https:\/\/datastudio.google.com\/embed\/reporting\/81a30477-8d39-4f0b-bbd1-3ecebd765e7f\/page\/p_8kgak2mbqc\" frameborder=\"0\" style=\"border:0\" allowfullscreen><\/iframe>\n\n\n\n<div style=\"height:100px\" aria-hidden=\"true\" class=\"wp-block-spacer\"><\/div>\n\n\n\n<p class=\"has-medium-font-size\"><strong>Simula\u00e7\u00e3o de Cobran\u00e7a &#8211; Goi\u00e1s<\/strong><\/p>\n\n\n\n<iframe width=\"1000\" height=\"563\" src=\"https:\/\/datastudio.google.com\/embed\/reporting\/7c63d3e0-c0d9-4c72-8289-115b9ba76b6b\/page\/p_zxkowwoypc\" frameborder=\"0\" style=\"border:0\" allowfullscreen=\"\"><\/iframe>\n","protected":false},"excerpt":{"rendered":"<p>Como instrumento de gest\u00e3o previsto nas Pol\u00edticas Nacional e Estadual de Recursos H\u00eddricos, a Cobran\u00e7a pelo Uso da \u00e1gua visa incentivar a racionaliza\u00e7\u00e3o do seu uso, obter recursos financeiros para o financiamento dos programas e interven\u00e7\u00f5es contemplados nos planos de recursos h\u00eddricos, pagar despesas de implanta\u00e7\u00e3o e custeio administrativo do Sistema Nacional de Gerenciamento de [&hellip;]<\/p>\n","protected":false},"author":2,"featured_media":0,"parent":0,"menu_order":0,"comment_status":"closed","ping_status":"closed","template":"general-template.php","meta":{"footnotes":""},"class_list":["post-78","page","type-page","status-publish","hentry"],"yoast_head":"<!-- This site is optimized with the Yoast SEO plugin v27.3 - https:\/\/yoast.com\/product\/yoast-seo-wordpress\/ -->\n<title>Cobran\u00e7a - cbhmeiaponte<\/title>\n<meta name=\"robots\" content=\"index, follow, max-snippet:-1, max-image-preview:large, max-video-preview:-1\" \/>\n<link rel=\"canonical\" href=\"https:\/\/cbhmeiaponte.meioambiente.go.gov.br\/?page_id=78\" \/>\n<meta property=\"og:locale\" content=\"pt_BR\" \/>\n<meta property=\"og:type\" content=\"article\" \/>\n<meta property=\"og:title\" content=\"Cobran\u00e7a - cbhmeiaponte\" \/>\n<meta property=\"og:description\" content=\"Como instrumento de gest\u00e3o previsto nas Pol\u00edticas Nacional e Estadual de Recursos H\u00eddricos, a Cobran\u00e7a pelo Uso da \u00e1gua visa incentivar a racionaliza\u00e7\u00e3o do seu uso, obter recursos financeiros para o financiamento dos programas e interven\u00e7\u00f5es contemplados nos planos de recursos h\u00eddricos, pagar despesas de implanta\u00e7\u00e3o e custeio administrativo do Sistema Nacional de Gerenciamento de [&hellip;]\" \/>\n<meta property=\"og:url\" content=\"https:\/\/cbhmeiaponte.meioambiente.go.gov.br\/?page_id=78\" \/>\n<meta property=\"og:site_name\" content=\"cbhmeiaponte\" \/>\n<meta property=\"article:modified_time\" content=\"2023-01-26T12:05:18+00:00\" \/>\n<meta name=\"twitter:card\" content=\"summary_large_image\" \/>\n<meta name=\"twitter:label1\" content=\"Est. tempo de leitura\" \/>\n\t<meta name=\"twitter:data1\" content=\"2 minutos\" \/>\n<script type=\"application\/ld+json\" class=\"yoast-schema-graph\">{\"@context\":\"https:\\\/\\\/schema.org\",\"@graph\":[{\"@type\":\"WebPage\",\"@id\":\"https:\\\/\\\/cbhmeiaponte.meioambiente.go.gov.br\\\/?page_id=78\",\"url\":\"https:\\\/\\\/cbhmeiaponte.meioambiente.go.gov.br\\\/?page_id=78\",\"name\":\"Cobran\u00e7a - cbhmeiaponte\",\"isPartOf\":{\"@id\":\"https:\\\/\\\/cbhmeiaponte.meioambiente.go.gov.br\\\/#website\"},\"datePublished\":\"2021-08-31T01:54:33+00:00\",\"dateModified\":\"2023-01-26T12:05:18+00:00\",\"breadcrumb\":{\"@id\":\"https:\\\/\\\/cbhmeiaponte.meioambiente.go.gov.br\\\/?page_id=78#breadcrumb\"},\"inLanguage\":\"pt-BR\",\"potentialAction\":[{\"@type\":\"ReadAction\",\"target\":[\"https:\\\/\\\/cbhmeiaponte.meioambiente.go.gov.br\\\/?page_id=78\"]}]},{\"@type\":\"BreadcrumbList\",\"@id\":\"https:\\\/\\\/cbhmeiaponte.meioambiente.go.gov.br\\\/?page_id=78#breadcrumb\",\"itemListElement\":[{\"@type\":\"ListItem\",\"position\":1,\"name\":\"In\u00edcio\",\"item\":\"https:\\\/\\\/cbhmeiaponte.meioambiente.go.gov.br\\\/\"},{\"@type\":\"ListItem\",\"position\":2,\"name\":\"Cobran\u00e7a\"}]},{\"@type\":\"WebSite\",\"@id\":\"https:\\\/\\\/cbhmeiaponte.meioambiente.go.gov.br\\\/#website\",\"url\":\"https:\\\/\\\/cbhmeiaponte.meioambiente.go.gov.br\\\/\",\"name\":\"cbhmeiaponte\",\"description\":\"Comit\u00ea da Bacia Hidrogr\u00e1fica do Rio Meia Ponte\",\"publisher\":{\"@id\":\"https:\\\/\\\/cbhmeiaponte.meioambiente.go.gov.br\\\/#organization\"},\"potentialAction\":[{\"@type\":\"SearchAction\",\"target\":{\"@type\":\"EntryPoint\",\"urlTemplate\":\"https:\\\/\\\/cbhmeiaponte.meioambiente.go.gov.br\\\/?s={search_term_string}\"},\"query-input\":{\"@type\":\"PropertyValueSpecification\",\"valueRequired\":true,\"valueName\":\"search_term_string\"}}],\"inLanguage\":\"pt-BR\"},{\"@type\":\"Organization\",\"@id\":\"https:\\\/\\\/cbhmeiaponte.meioambiente.go.gov.br\\\/#organization\",\"name\":\"cbhmeiaponte\",\"url\":\"https:\\\/\\\/cbhmeiaponte.meioambiente.go.gov.br\\\/\",\"logo\":{\"@type\":\"ImageObject\",\"inLanguage\":\"pt-BR\",\"@id\":\"https:\\\/\\\/cbhmeiaponte.meioambiente.go.gov.br\\\/#\\\/schema\\\/logo\\\/image\\\/\",\"url\":\"https:\\\/\\\/i0.wp.com\\\/cbhmeiaponte.meioambiente.go.gov.br\\\/wp-content\\\/uploads\\\/2022\\\/04\\\/cropped-CBH-Meia-Ponte.png?fit=315%2C80&ssl=1\",\"contentUrl\":\"https:\\\/\\\/i0.wp.com\\\/cbhmeiaponte.meioambiente.go.gov.br\\\/wp-content\\\/uploads\\\/2022\\\/04\\\/cropped-CBH-Meia-Ponte.png?fit=315%2C80&ssl=1\",\"width\":315,\"height\":80,\"caption\":\"cbhmeiaponte\"},\"image\":{\"@id\":\"https:\\\/\\\/cbhmeiaponte.meioambiente.go.gov.br\\\/#\\\/schema\\\/logo\\\/image\\\/\"}}]}<\/script>\n<!-- \/ Yoast SEO plugin. -->","yoast_head_json":{"title":"Cobran\u00e7a - cbhmeiaponte","robots":{"index":"index","follow":"follow","max-snippet":"max-snippet:-1","max-image-preview":"max-image-preview:large","max-video-preview":"max-video-preview:-1"},"canonical":"https:\/\/cbhmeiaponte.meioambiente.go.gov.br\/?page_id=78","og_locale":"pt_BR","og_type":"article","og_title":"Cobran\u00e7a - cbhmeiaponte","og_description":"Como instrumento de gest\u00e3o previsto nas Pol\u00edticas Nacional e Estadual de Recursos H\u00eddricos, a Cobran\u00e7a pelo Uso da \u00e1gua visa incentivar a racionaliza\u00e7\u00e3o do seu uso, obter recursos financeiros para o financiamento dos programas e interven\u00e7\u00f5es contemplados nos planos de recursos h\u00eddricos, pagar despesas de implanta\u00e7\u00e3o e custeio administrativo do Sistema Nacional de Gerenciamento de [&hellip;]","og_url":"https:\/\/cbhmeiaponte.meioambiente.go.gov.br\/?page_id=78","og_site_name":"cbhmeiaponte","article_modified_time":"2023-01-26T12:05:18+00:00","twitter_card":"summary_large_image","twitter_misc":{"Est. tempo de leitura":"2 minutos"},"schema":{"@context":"https:\/\/schema.org","@graph":[{"@type":"WebPage","@id":"https:\/\/cbhmeiaponte.meioambiente.go.gov.br\/?page_id=78","url":"https:\/\/cbhmeiaponte.meioambiente.go.gov.br\/?page_id=78","name":"Cobran\u00e7a - cbhmeiaponte","isPartOf":{"@id":"https:\/\/cbhmeiaponte.meioambiente.go.gov.br\/#website"},"datePublished":"2021-08-31T01:54:33+00:00","dateModified":"2023-01-26T12:05:18+00:00","breadcrumb":{"@id":"https:\/\/cbhmeiaponte.meioambiente.go.gov.br\/?page_id=78#breadcrumb"},"inLanguage":"pt-BR","potentialAction":[{"@type":"ReadAction","target":["https:\/\/cbhmeiaponte.meioambiente.go.gov.br\/?page_id=78"]}]},{"@type":"BreadcrumbList","@id":"https:\/\/cbhmeiaponte.meioambiente.go.gov.br\/?page_id=78#breadcrumb","itemListElement":[{"@type":"ListItem","position":1,"name":"In\u00edcio","item":"https:\/\/cbhmeiaponte.meioambiente.go.gov.br\/"},{"@type":"ListItem","position":2,"name":"Cobran\u00e7a"}]},{"@type":"WebSite","@id":"https:\/\/cbhmeiaponte.meioambiente.go.gov.br\/#website","url":"https:\/\/cbhmeiaponte.meioambiente.go.gov.br\/","name":"cbhmeiaponte","description":"Comit\u00ea da Bacia Hidrogr\u00e1fica do Rio Meia Ponte","publisher":{"@id":"https:\/\/cbhmeiaponte.meioambiente.go.gov.br\/#organization"},"potentialAction":[{"@type":"SearchAction","target":{"@type":"EntryPoint","urlTemplate":"https:\/\/cbhmeiaponte.meioambiente.go.gov.br\/?s={search_term_string}"},"query-input":{"@type":"PropertyValueSpecification","valueRequired":true,"valueName":"search_term_string"}}],"inLanguage":"pt-BR"},{"@type":"Organization","@id":"https:\/\/cbhmeiaponte.meioambiente.go.gov.br\/#organization","name":"cbhmeiaponte","url":"https:\/\/cbhmeiaponte.meioambiente.go.gov.br\/","logo":{"@type":"ImageObject","inLanguage":"pt-BR","@id":"https:\/\/cbhmeiaponte.meioambiente.go.gov.br\/#\/schema\/logo\/image\/","url":"https:\/\/i0.wp.com\/cbhmeiaponte.meioambiente.go.gov.br\/wp-content\/uploads\/2022\/04\/cropped-CBH-Meia-Ponte.png?fit=315%2C80&ssl=1","contentUrl":"https:\/\/i0.wp.com\/cbhmeiaponte.meioambiente.go.gov.br\/wp-content\/uploads\/2022\/04\/cropped-CBH-Meia-Ponte.png?fit=315%2C80&ssl=1","width":315,"height":80,"caption":"cbhmeiaponte"},"image":{"@id":"https:\/\/cbhmeiaponte.meioambiente.go.gov.br\/#\/schema\/logo\/image\/"}}]}},"featured_image_src":null,"featured_image_src_square":null,"jetpack_sharing_enabled":true,"_links":{"self":[{"href":"https:\/\/cbhmeiaponte.meioambiente.go.gov.br\/index.php?rest_route=\/wp\/v2\/pages\/78","targetHints":{"allow":["GET"]}}],"collection":[{"href":"https:\/\/cbhmeiaponte.meioambiente.go.gov.br\/index.php?rest_route=\/wp\/v2\/pages"}],"about":[{"href":"https:\/\/cbhmeiaponte.meioambiente.go.gov.br\/index.php?rest_route=\/wp\/v2\/types\/page"}],"author":[{"embeddable":true,"href":"https:\/\/cbhmeiaponte.meioambiente.go.gov.br\/index.php?rest_route=\/wp\/v2\/users\/2"}],"replies":[{"embeddable":true,"href":"https:\/\/cbhmeiaponte.meioambiente.go.gov.br\/index.php?rest_route=%2Fwp%2Fv2%2Fcomments&post=78"}],"version-history":[{"count":5,"href":"https:\/\/cbhmeiaponte.meioambiente.go.gov.br\/index.php?rest_route=\/wp\/v2\/pages\/78\/revisions"}],"predecessor-version":[{"id":1020,"href":"https:\/\/cbhmeiaponte.meioambiente.go.gov.br\/index.php?rest_route=\/wp\/v2\/pages\/78\/revisions\/1020"}],"wp:attachment":[{"href":"https:\/\/cbhmeiaponte.meioambiente.go.gov.br\/index.php?rest_route=%2Fwp%2Fv2%2Fmedia&parent=78"}],"curies":[{"name":"wp","href":"https:\/\/api.w.org\/{rel}","templated":true}]}}

Cobrança

<p>Como instrumento de gestão previsto nas Políticas Nacional e Estadual de Recursos Hídricos, a Cobrança pelo Uso da água visa incentivar a racionalização do seu uso, obter recursos financeiros para o financiamento dos programas e intervenções contemplados nos planos de recursos hídricos, pagar despesas de implantação e custeio administrativo do Sistema Nacional de Gerenciamento de Recursos Hídricos – SINGREH, notadamente dos Comitês de Bacias Hidrográficas, e assegurar a viabilidade financeira das Agências de Água.</p>



<p>No âmbito dos corpos d’água de domínio do Estado, a implantação e operacionalização da Cobrança pelo Uso deve atender às diretrizes da Política Estadual de Recursos Hídricos.</p>



<p>Com tal realidade institucional, própria de um país federativo com múltiplos domínios das águas, o grande desafio da implantação da Cobrança pelo Uso é também aquele da Política Nacional de Recursos Hídricos: articular a gestão dos recursos hídricos em bacias hidrográficas, independentemente do domínio a que esses estejam submetidos, permitindo que esse instrumento possa ser efetivo na solução dos problemas hídricos</p>



<p>Diferentemente de instrumentos tradicionais utilizados pelas políticas públicas, a Cobrança pelo Uso não é considerada um imposto, mas um preço público. Seus mecanismos e valores são negociados a partir de debate público no âmbito dos Comitês de Bacia Hidrográfica e não por meio de decisões isoladas de instâncias governamentais, sejam elas do executivo ou do legislativo. As ações necessárias à boa gestão das águas, reconhecidas e determinadas em específicas bacias hidrográficas, juntamente ao pacto social advindo de sua aprovação são, assim, os principais elementos da regulação econômica instituída por essa nova ferramenta.</p>



<div style="height:100px" aria-hidden="true" class="wp-block-spacer"></div>



<p class="has-medium-font-size"><strong>Simulação de Cobrança &#8211; Meia Ponte</strong></p>



<iframe width="1000" height="563" src="https://datastudio.google.com/embed/reporting/81a30477-8d39-4f0b-bbd1-3ecebd765e7f/page/p_8kgak2mbqc" frameborder="0" style="border:0" allowfullscreen></iframe>



<div style="height:100px" aria-hidden="true" class="wp-block-spacer"></div>



<p class="has-medium-font-size"><strong>Simulação de Cobrança &#8211; Goiás</strong></p>



<iframe width="1000" height="563" src="https://datastudio.google.com/embed/reporting/7c63d3e0-c0d9-4c72-8289-115b9ba76b6b/page/p_zxkowwoypc" frameborder="0" style="border:0" allowfullscreen=""></iframe>

<p>Como instrumento de gestão previsto nas Políticas Nacional e Estadual de Recursos Hídricos, a Cobrança pelo Uso da água visa incentivar a racionalização do seu uso, obter recursos financeiros para o financiamento dos programas e intervenções contemplados nos planos de recursos hídricos, pagar despesas de implantação e custeio administrativo do Sistema Nacional de Gerenciamento de [&hellip;]</p>

<!-- This site is optimized with the Yoast SEO plugin v27.3 - https://yoast.com/product/yoast-seo-wordpress/ -->
<title>Cobrança - cbhmeiaponte</title>
<meta name="robots" content="index, follow, max-snippet:-1, max-image-preview:large, max-video-preview:-1" />
<link rel="canonical" href="https://cbhmeiaponte.meioambiente.go.gov.br/?page_id=78" />
<meta property="og:locale" content="pt_BR" />
<meta property="og:type" content="article" />
<meta property="og:title" content="Cobrança - cbhmeiaponte" />
<meta property="og:description" content="Como instrumento de gestão previsto nas Políticas Nacional e Estadual de Recursos Hídricos, a Cobrança pelo Uso da água visa incentivar a racionalização do seu uso, obter recursos financeiros para o financiamento dos programas e intervenções contemplados nos planos de recursos hídricos, pagar despesas de implantação e custeio administrativo do Sistema Nacional de Gerenciamento de [&hellip;]" />
<meta property="og:url" content="https://cbhmeiaponte.meioambiente.go.gov.br/?page_id=78" />
<meta property="og:site_name" content="cbhmeiaponte" />
<meta property="article:modified_time" content="2023-01-26T12:05:18+00:00" />
<meta name="twitter:card" content="summary_large_image" />
<meta name="twitter:label1" content="Est. tempo de leitura" />
	<meta name="twitter:data1" content="2 minutos" />
<script type="application/ld+json" class="yoast-schema-graph">{"@context":"https:\/\/schema.org","@graph":[{"@type":"WebPage","@id":"https:\/\/cbhmeiaponte.meioambiente.go.gov.br\/?page_id=78","url":"https:\/\/cbhmeiaponte.meioambiente.go.gov.br\/?page_id=78","name":"Cobrança - cbhmeiaponte","isPartOf":{"@id":"https:\/\/cbhmeiaponte.meioambiente.go.gov.br\/#website"},"datePublished":"2021-08-31T01:54:33+00:00","dateModified":"2023-01-26T12:05:18+00:00","breadcrumb":{"@id":"https:\/\/cbhmeiaponte.meioambiente.go.gov.br\/?page_id=78#breadcrumb"},"inLanguage":"pt-BR","potentialAction":[{"@type":"ReadAction","target":["https:\/\/cbhmeiaponte.meioambiente.go.gov.br\/?page_id=78"]}]},{"@type":"BreadcrumbList","@id":"https:\/\/cbhmeiaponte.meioambiente.go.gov.br\/?page_id=78#breadcrumb","itemListElement":[{"@type":"ListItem","position":1,"name":"Início","item":"https:\/\/cbhmeiaponte.meioambiente.go.gov.br\/"},{"@type":"ListItem","position":2,"name":"Cobrança"}]},{"@type":"WebSite","@id":"https:\/\/cbhmeiaponte.meioambiente.go.gov.br\/#website","url":"https:\/\/cbhmeiaponte.meioambiente.go.gov.br\/","name":"cbhmeiaponte","description":"Comitê da Bacia Hidrográfica do Rio Meia Ponte","publisher":{"@id":"https:\/\/cbhmeiaponte.meioambiente.go.gov.br\/#organization"},"potentialAction":[{"@type":"SearchAction","target":{"@type":"EntryPoint","urlTemplate":"https:\/\/cbhmeiaponte.meioambiente.go.gov.br\/?s={search_term_string}"},"query-input":{"@type":"PropertyValueSpecification","valueRequired":true,"valueName":"search_term_string"}}],"inLanguage":"pt-BR"},{"@type":"Organization","@id":"https:\/\/cbhmeiaponte.meioambiente.go.gov.br\/#organization","name":"cbhmeiaponte","url":"https:\/\/cbhmeiaponte.meioambiente.go.gov.br\/","logo":{"@type":"ImageObject","inLanguage":"pt-BR","@id":"https:\/\/cbhmeiaponte.meioambiente.go.gov.br\/#\/schema\/logo\/image\/","url":"https:\/\/i0.wp.com\/cbhmeiaponte.meioambiente.go.gov.br\/wp-content\/uploads\/2022\/04\/cropped-CBH-Meia-Ponte.png?fit=315%2C80&ssl=1","contentUrl":"https:\/\/i0.wp.com\/cbhmeiaponte.meioambiente.go.gov.br\/wp-content\/uploads\/2022\/04\/cropped-CBH-Meia-Ponte.png?fit=315%2C80&ssl=1","width":315,"height":80,"caption":"cbhmeiaponte"},"image":{"@id":"https:\/\/cbhmeiaponte.meioambiente.go.gov.br\/#\/schema\/logo\/image\/"}}]}</script>
<!-- / Yoast SEO plugin. -->

Cobrança - cbhmeiaponte

Como instrumento de gestão previsto nas Políticas Nacional e Estadual de Recursos Hídricos, a Cobrança pelo Uso da água visa incentivar a racionalização do seu uso, obter recursos financeiros para o financiamento dos programas e intervenções contemplados nos planos de recursos hídricos, pagar despesas de implantação e custeio administrativo do Sistema Nacional de Gerenciamento de [&hellip;]

Início

Comitê da Bacia Hidrográfica do Rio Meia Ponte
